{"id":378,"date":"2017-05-23T14:29:15","date_gmt":"2017-05-23T12:29:15","guid":{"rendered":"http:\/\/www.barbara-wenz.de\/?page_id=378"},"modified":"2022-06-09T22:42:17","modified_gmt":"2022-06-09T20:42:17","slug":"ueber","status":"publish","type":"page","link":"https:\/\/www.barbara-wenz.de\/?page_id=378","title":{"rendered":"\u00dcber"},"content":{"rendered":"<p>geboren 1967 in Kandel, Magister in tschechischer und russischer Literaturwissenschaft sowie Politikwissenschaft. Magisterarbeit \u00fcber die tschechische D\u00e9cadence und den Roman Die gotische Seele von Ji\u0159\u00ed Kar\u00e1sek ze Lvovic.<\/p>\n<p>Heute freie Journalistin (u.a. f\u00fcr Cicero &#8211; das Magazin f\u00fcr politische Kultur und Die Tagespost), Autorin und Lektorin. Lebt und arbeitet in Italien, in Deutschland und in ihrem Camperbus.<\/p>\n<p>Interkulturelle Kompetenzen: Vorkriegs-Wohnung in Damaskus, hat Homs und Aleppo besucht. Studienreise nach Aserbaidshan, Russland und ins Baltikum, hat Anfang der Neunziger in Prag gelebt, zehn Jahre Haus in Essaouira, Marokko. Aufenthalt in Karachi, Pakistan. 20 Jahre Italien.<\/p>\n<p>Sprachen: Deutsch, Englisch, Franz\u00f6sisch, Italienisch, Russisch, Tschechisch und Kleines Latinum.<\/p>\n","protected":false},"excerpt":{"rendered":"<p>geboren 1967 in Kandel, Magister in tschechischer und russischer Literaturwissenschaft sowie Politikwissenschaft. Magisterarbeit \u00fcber die tschechische D\u00e9cadence und den Roman Die gotische Seele von Ji\u0159\u00ed Kar\u00e1sek ze Lvovic. Heute freie Journalistin (u.a. f\u00fcr Cicero &#8211; das Magazin f\u00fcr politische Kultur und Die Tagespost), Autorin und Lektorin. Lebt und arbeitet in Italien, in Deutschland und in [&hellip;]<\/p>\n","protected":false},"author":2,"featured_media":0,"parent":0,"menu_order":0,"comment_status":"closed","ping_status":"closed","template":"","meta":{"footnotes":""},"class_list":["post-378","page","type-page","status-publish","hentry"],"_links":{"self":[{"href":"https:\/\/www.barbara-wenz.de\/index.php?rest_route=\/wp\/v2\/pages\/378","targetHints":{"allow":["GET"]}}],"collection":[{"href":"https:\/\/www.barbara-wenz.de\/index.php?rest_route=\/wp\/v2\/pages"}],"about":[{"href":"https:\/\/www.barbara-wenz.de\/index.php?rest_route=\/wp\/v2\/types\/page"}],"author":[{"embeddable":true,"href":"https:\/\/www.barbara-wenz.de\/index.php?rest_route=\/wp\/v2\/users\/2"}],"replies":[{"embeddable":true,"href":"https:\/\/www.barbara-wenz.de\/index.php?rest_route=%2Fwp%2Fv2%2Fcomments&post=378"}],"version-history":[{"count":8,"href":"https:\/\/www.barbara-wenz.de\/index.php?rest_route=\/wp\/v2\/pages\/378\/revisions"}],"predecessor-version":[{"id":1137,"href":"https:\/\/www.barbara-wenz.de\/index.php?rest_route=\/wp\/v2\/pages\/378\/revisions\/1137"}],"wp:attachment":[{"href":"https:\/\/www.barbara-wenz.de\/index.php?rest_route=%2Fwp%2Fv2%2Fmedia&parent=378"}],"curies":[{"name":"wp","href":"https:\/\/api.w.org\/{rel}","templated":true}]}}