{"id":191,"date":"2016-03-12T15:19:23","date_gmt":"2016-03-12T13:19:23","guid":{"rendered":"http:\/\/www.barbara-wenz.de\/?page_id=191"},"modified":"2016-07-14T09:50:53","modified_gmt":"2016-07-14T07:50:53","slug":"konvertiten-ergreifende-glaubenszeugnisse","status":"publish","type":"page","link":"https:\/\/www.barbara-wenz.de\/?page_id=191","title":{"rendered":"Konvertiten. Ergreifende Glaubenszeugnisse"},"content":{"rendered":"<p><img decoding=\"async\" src=\"http:\/\/www.lehmanns.de\/media\/41035535\" alt=\"\" \/><\/p>\n<p>Dieses Buch besch\u00e4ftigt sich mit bekannten und weniger bekannten Konvertiten, die den Weg in die katholische Kirche gefunden haben \u2013 teilweise unter unwahrscheinlichen, manchmal dramatischen Umst\u00e4nden. Takashi Nagai gen\u00fcgte ein Blick in die Augen seiner sterbenden Mutter, um den Glauben an Gott und an das ewige Leben zu finden. Clemens von Brentano ver\u00e4nderte die Begegnung mit der Seherin Anna Katharina Emmerick. Andere wiederum, wie der sp\u00e4tere Religionsphilosoph Sergej Bulgakow, wurden in einer bestimmten Minute ihres Lebens von der Herrlichkeit Seiner Sch\u00f6pfung \u00fcberw\u00e4ltigt, dass sie von da an unverr\u00fcckbar glaubten. Barbara Wenz erz\u00e4hlt dem Leser die erstaunlichen, poetischen und ergreifenden Geschichten von Konvertiten wie Takashi Nagai, Clemens Brentano, Thomas Merton, Paul Claudel, Edith Stein, Dorothy Day und anderen.<\/p>\n<p>Zur Rezension von Hans Jakob B\u00fcrger und einem Interview mit mir f\u00fcr die Zenit-Redaktion geht es <a href=\"http:\/\/www.barbara-wenz.de\/?p=209\">hier.<\/a><\/p>\n","protected":false},"excerpt":{"rendered":"<p>Dieses Buch besch\u00e4ftigt sich mit bekannten und weniger bekannten Konvertiten, die den Weg in die katholische Kirche gefunden haben \u2013 teilweise unter unwahrscheinlichen, manchmal dramatischen Umst\u00e4nden. Takashi Nagai gen\u00fcgte ein Blick in die Augen seiner sterbenden Mutter, um den Glauben an Gott und an das ewige Leben zu finden. Clemens von Brentano ver\u00e4nderte die Begegnung [&hellip;]<\/p>\n","protected":false},"author":2,"featured_media":0,"parent":0,"menu_order":0,"comment_status":"open","ping_status":"closed","template":"","meta":{"footnotes":""},"class_list":["post-191","page","type-page","status-publish","hentry"],"_links":{"self":[{"href":"https:\/\/www.barbara-wenz.de\/index.php?rest_route=\/wp\/v2\/pages\/191","targetHints":{"allow":["GET"]}}],"collection":[{"href":"https:\/\/www.barbara-wenz.de\/index.php?rest_route=\/wp\/v2\/pages"}],"about":[{"href":"https:\/\/www.barbara-wenz.de\/index.php?rest_route=\/wp\/v2\/types\/page"}],"author":[{"embeddable":true,"href":"https:\/\/www.barbara-wenz.de\/index.php?rest_route=\/wp\/v2\/users\/2"}],"replies":[{"embeddable":true,"href":"https:\/\/www.barbara-wenz.de\/index.php?rest_route=%2Fwp%2Fv2%2Fcomments&post=191"}],"version-history":[{"count":2,"href":"https:\/\/www.barbara-wenz.de\/index.php?rest_route=\/wp\/v2\/pages\/191\/revisions"}],"predecessor-version":[{"id":220,"href":"https:\/\/www.barbara-wenz.de\/index.php?rest_route=\/wp\/v2\/pages\/191\/revisions\/220"}],"wp:attachment":[{"href":"https:\/\/www.barbara-wenz.de\/index.php?rest_route=%2Fwp%2Fv2%2Fmedia&parent=191"}],"curies":[{"name":"wp","href":"https:\/\/api.w.org\/{rel}","templated":true}]}}